
1a44a
What is 87 (base 16) in base 9?
160
What is -202426 (base 8) in base 15?
-14c0d
531242 (base 6) to base 11
2a406
Convert 22b (base 15) to base 6.
2135
What is 333123 (base 5) in base 15?
36c8
Convert 2244 (base 9) to base 7.
4561
Convert 144a (base 12) to base 5.
33422
-101100100100 (base 2) to base 13
-13b5
Convert -3947 (base 14) to base 9.
-14716
What is -1463 (base 8) in base 6?
-3443
30dc (base 15) to base 2
10100001011100
What is -12313 (base 4) in base 5?
-3224
What is 2210 (base 6) in base 11?
424
-21212 (base 3) to base 5
-1322
Convert 10100101100 (base 2) to base 4.
110230
2212221121 (base 3) to base 8
156770
What is -101222010 (base 3) in base 2?
-1111100111011
Convert -1613 (base 8) to base 15.
-407
32035 (base 6) to base 8
10367
Convert -11a (base 13) to base 3.
-21010
What is 908 (base 11) in base 8?
2111
What is 3146 (base 9) in base 8?
4406
Convert 100111100010011 (base 2) to base 15.
5ee8
Convert 4050 (base 6) to base 2.
1101111110
67b1 (base 14) to base 16
4647
-13252 (base 13) to base 4
-20223211
2201003 (base 4) to base 12
5b6b
Convert -13758 (base 9) to base 6.
-111212
Convert 123010 (base 6) to base 4.
2230032
Convert -dd1 (base 14) to base 16.
-aab
Convert 463 (base 14) to base 3.
1012021
Convert 10113 (base 11) to base 4.
3212320
-330 (base 5) to base 16
-5a
What is 4021 (base 5) in base 9?
627
What is -500013 (base 7) in base 13?
-2c340
550 (base 9) to base 16
1c2
What is -9dba (base 16) in base 10?
-40378
127 (base 11) to base 9
176
14b5c (base 14) to base 6
1035010
Convert -2ca (base 15) to base 13.
-3a3
99e (base 16) to base 11
1939
What is -2042342 (base 5) in base 9?
-51685
10020 (base 3) to base 2
1010111
What is 1002110112 (base 3) in base 9?
32415
What is 2456 (base 12) in base 7?
14643
-690 (base 11) to base 13
-4b6
-a340 (base 12) to base 6
-214120
-12002102 (base 3) to base 8
-7176
33b (base 15) to base 5
10411
2205 (base 10) to base 4
202131
Convert 5c60 (base 14) to base 8.
37434
Convert -101032233 (base 4) to base 7.
-412521
Convert 340433 (base 5) to base 7.
46652
-1aa1 (base 12) to base 7
-12406
Convert -105 (base 8) to base 4.
-1011
1919 (base 10) to base 16
77f
Convert -1274 (base 11) to base 2.
-11001110110
What is -63 (base 16) in base 12?
-83
-43420 (base 5) to base 11
-2274
What is -1734 (base 14) in base 5?
-113122
What is -1ed (base 15) in base 10?
-448
Convert 12d8 (base 16) to base 9.
6550
11101110110100 (base 2) to base 5
442114
311301 (base 4) to base 3
11201110
What is 1aae (base 15) in base 2?
1011010011101
-7606 (base 8) to base 10
-3974
What is 1011100000 (base 2) in base 8?
1340
222 (base 9) to base 12
132
Convert -56325 (base 8) to base 9.
-35535
What is 42773 (base 9) in base 7?
145416
Convert -254 (base 7) to base 4.
-2021
5b (base 15) to base 3
10012
2689 (base 13) to base 5
134041
What is -174 (base 9) in base 6?
-404
What is 14458 (base 9) in base 14?
383c
Convert 555 (base 13) to base 6.
4123
7355 (base 10) to base 2
1110010111011
406 (base 14) to base 13
48a
Convert -1633 (base 13) to base 16.
-cb5
What is -3b0 (base 14) in base 10?
-742
What is -b45 (base 12) in base 14?
-84d
What is -193 (base 13) in base 10?
-289
-824d (base 14) to base 13
-a281
1230 (base 6) to base 9
370
What is 110110 (base 2) in base 13?
42
What is 675b (base 13) in base 9?
21725
What is 19b1 (base 15) in base 14?
2058
85ed (base 15) to base 5
1401343
What is 1285 (base 16) in base 14?
1a29
Convert 3003 (base 6) to base 3.
220010
1021321 (base 4) to base 6
33521
What is 1399 (base 10) in base 13?
838
4d07 (base 14) to base 6
142351
What is 40131 (base 5) in base 4?
213231
1230 (base 9) to base 7
2451
Convert 454444 (base 6) to base 11.
2701a
-66d2 (base 15) to base 4
-11110211
1224431 (base 5) to base 10
23741
What is -111112100 (base 3) in base 2?
-10011010001000
Convert 43505 (base 6) to base 8.
13601
101323 (base 4) to base 6
5151
What is -10231 (base 7) in base 6?
-15401
What is 1164 (base 8) in base 3?
212021
Convert 1000011010 (base 2) to base 3.
201221
-38039 (base 10) to base 7
-215621
16696 (base 11) to base 13
a8a6
What is 28d (base 14) in base 3?
201011
Convert 1742 (base 8) to base 2.
1111100010
-35583 (base 10) to base 16
-8aff
What is -25109 (base 11) in base 9?
-54424
Convert 3102 (base 13) to base 3.
100021110
-130213 (base 4) to base 5
-24311
-210 (base 11) to base 14
-141
What is 6011 (base 12) in base 4?
2202031
11111001110 (base 2) to base 9
2660
What is 1110110010100 (base 2) in base 10?
7572
Convert 112000 (base 4) to base 9.
1834
Convert -1011211110 (base 3) to base 14.
-8657
1001111110 (base 2) to base 15
2c8
What is -111001100 (base 2) in base 8?
-714
Convert 1321 (base 10) to base 12.
921
1100000011 (base 2) to base 7
2151
-60612 (base 7) to base 8
-34565
What is -2144 (base 6) in base 10?
-496
-3727 (base 11) to base 16
-1305
What is 45222 (base 6) in base 14?
2458
What is 28a6 (base 15) in base 5?
234311
What is -111210010 (base 3) in base 7?
-41202
Convert 8a8 (base 11) to base 13.
657
Convert -1c150 (base 13) to base 14.
-1615d
Convert -32132 (base 4) to base 6.
-4142
Convert 102310 (base 5) to base 11.
2661
-50345 (base 7) to base 9
-17638
What is 12314 (base 8) in base 10?
5324
793 (base 10) to base 2
1100011001
What is -1100100100111011 (base 2) in base 4?
-30210323
3b2 (base 16) to base 12
66a
-10002 (base 3) to base 9
-102
Convert -550 (base 6) to base 12.
-156
Convert -5190 (base 13) to base 12.
-6633
What is -12201 (base 7) in base 16?
-c72
-21432 (base 7) to base 3
-21100200
What is 5c8b (base 16) in base 3?
1012111110
111 (base 3) to base 12
11
28b (base 12) to base 4
12023
What is -11101001 (base 2) in base 4?
-3221
Convert -300111 (base 6) to base 9.
-35047
145 (base 12) to base 14
101
-5a8 (base 13) to base 4
-33113
Convert 4421 (base 6) to base 15.
481
What is -17681 (base 10) in base 14?
-662d
Convert -3402 (base 5) to base 4.
-13131
What is -10333310 (base 4) in base 2?
-100111111110100
What is -1110110101 (base 2) in base 12?
-671
What is 257c (base 15) in base 8?
17470
Convert 151125 (base 6) to base 3.
201220222
What is -1222 (base 3) in base 8?
-65
-410255 (base 6) to base 3
-1122120222
-6974 (base 10) to base 15
-20ee
Convert -1404 (base 11) to base 16.
-71b
What is 19a2 (base 14) in base 4?
1020222
-16071 (base 11) to base 14
-83bb
Convert -6c (base 14) to base 9.
-116
-2447 (base 9) to base 15
-81a
-26433 (base 7) to base 9
-10636
-542 (base 9) to base 7
-1202
15317 (base 8) to base 15
2078
What is 18a5 (base 14) in base 12?
26b5
Convert 26dc (base 14) to base 6.
51430
Convert -1622 (base 11) to base 14.
-a89
What is 5363 (base 12) in base 9?
13483
Convert 2011001201 (base 3) to base 7.
234256
-67c (base 16) to base 9
-2244
Convert 431 (base 12) to base 11.
508
Convert -25064 (base 7) to base 4.
-1212203
What is -204122 (base 5) in base 13?
-3121
4654 (base 13) to base 2
10011010001111
1485 (base 14) to base 3
12000000
What is -4244 (base 6) in base 15?
-444
Convert -13da (base 15) to base 9.
-5747
-2021303 (base 4) to base 2
-10001001110011
What is -1515 (base 6) in base 2?
-110010111
Convert -6c (base 16) to base 8.
-154
Convert 111010 (base 2) to base 16.
3a
What is 11324 (base 5) in base 15?
3ae
-549 (base 10) to base 3
-202100
3176 (base 10) to base 11
2428
673 (base 9) to base 16
228
Convert -15321 (base 7) to base 11.
-323a
Convert -21254 (base 8) to base 15.
-296b
What is 2321 (base 6) in base 8?
1051
Convert -686 (base 12) to base 6.
-4250
8c17 (base 13) to base 16
4ca8
-1cb (base 16) to base 8
-713
Convert 3022 (base 5) to base 11.
322
Convert 4731 (base 12) to base 7.
32125
Convert -706 (base 10) to base 15.
-321
2550 (base 6) to base 9
783
-44b9 (base 15) to base 16
-38ee
What is 7673 (base 8) in base 6?
30351
What is -2022220 (base 3) in base 5?
-23243
Convert 1212122 (base 3) to base 5.
20432
Convert -b28 (base 12) to base 3.
-2012212
What is 4324 (base 9) in base 4?
301231
Convert -68b (base 15) to base 13.
-89c
What is -14463 (base 7) in base 14?
-166a
d9c (base 14) to base 15
be1
Convert -e4 (base 15) to base 12.
-15a
What is 3200 (base 11) in base 3?
12210212
What is -45310 (base 10) in base 2?
-1011000011111110
Convert -6a13 (base 11) to base 12.
-53b6
What is b80c (base 14) in base 10?
31764
What is 13417 (base 10) in base